(1 - -2)*2/(-3). Let m(k) = -k**3 + k**2 + 2*k - 1. Give m(r).
7
Let c(m) = m**2 - 5*m - 3. Let s = 14 + -9. Calculate c(s).
-3
Let n(o) = -o**2 + 2*o + 3. Let b(l) be the first derivative of -l**4/4 + 2*l**3 - 2*l**2 - 1. Let i be b(4). Suppose -y = 3*y - i. What is n(y)?
-5
Let b(s) = -s. Suppose -3*d - 5*k - 1 = 10, -5*k = d + 17. Suppose d*h - 5*t - 43 = -0*t, -3*h + 2*t + 28 = 0. Suppose -10 = -2*g, -2*q + 3 + h = g. Give b(q).
-2
Let x be (-3)/2 + (-66)/(-12) - 2. Let k(c) be the third derivative of 0*c + 0 + 2*c**3 + c**x + 1/24*c**4. Give k(0).
12
Let y(u) = u**3 - u - 1. Let v(o) = 6*o**3 + 4*o**2 - o - 3. Let s(j) = v(j) - 5*y(j). Suppose -2*x = -6*x - 12. Give s(x).
-1
Let r(o) = -o**2 + 6*o - 4. Suppose n + n + 4*x - 6 = 0, -4*n + 17 = 3*x. Give r(n).
1
Let p(h) be the second derivative of h**5/20 - h**4/2 + 5*h**3/6 + 2*h**2 + 3*h. Calculate p(4).
-8
Let h(a) = a**2 + 2*a - 3. Let q be h(2). Let b(k) be the third derivative of -1/12*k**q + 0*k - 1/24*k**4 - 3*k**2 + 0*k**3 + 0. What is b(-1)?
-4
Let r(q) be the second derivative of -1/6*q**3 + 1/6*q**4 + 0 + 2/5*q**5 + 0*q**2 - 2*q. Determine r(1).
9
Let n(b) be the second derivative of b**3/6 - 9*b**2/2 - 27*b. Calculate n(8).
-1
Let g = 6 + -2. Let o(h) = -4 - 3*h**2 + g + 2*h**2 - h + h**3. Give o(-1).
-1
Let o(v) = 32*v**3 + v + 1. Let k be ((-2)/2)/(-7 + 6 - -2). Determine o(k).
-32
Let s(w) be the third derivative of 3*w**5/20 + w**4/12 + w**3/6 - 4*w**2. Determine s(-1).
8
Let g(v) = 2*v + v - 2*v**3 + 3*v**2 + 5 + 2*v**2 - 5*v. Let a(r) = -r**3 + 4*r**2 - r + 4. Let c(m) = 3*a(m) - 2*g(m). Determine c(-2).
0
Let x(i) = -2*i**2 + i. Suppose 0 = -6*p + 2*p. Suppose p = 2*v - v - 2. What is x(v)?
-6
Let f(b) = -b**2 - 2 - 14*b + 27*b - 13*b. Let g = 6 - 8. Calculate f(g).
-6
Let d(m) = -m**3 - 7*m**2 + m + 5. Let c = 53 + -60. What is d(c)?
-2
Let y(j) = -j**2 + 1. Let d(q) = 5*q**2 + 3*q - 8. Let s(m) = d(m) + 6*y(m). Suppose 5 = a - 1. Let p(z) = -z**3 + 6*z**2 + 2*z - 9. Let g be p(a). Give s(g).
-2
Let f(o) = o**2 + 20*o + 53. Let c be f(-17). Let k(u) be the third derivative of 0*u**4 + 1/120*u**6 + 0 + 0*u**5 + 0*u + u**c + 2/3*u**3. Give k(0).
4
Let h(m) = m - 1. Let k(s) = s**2 - s + 4. Let p(z) = -2*h(z) + k(z). Let w(l) = -l**2 + 2*l - 7. Let g(o) = -3*p(o) - 2*w(o). Calculate g(4).
0
Suppose -t = 5, 2 = 5*s + 2*t - 3. Let k(x) = -2*x + 4*x - x - s*x + 7. Calculate k(5).
-3
Suppose 14 = r - 0*r + 3*x, -6 = r - 2*x. Let d(c) = 5*c**r - 4 + c**3 - 1 + 2. What is d(-5)?
-3
Suppose 0 = -2*h + z - 12, 4*h - 4*z + 6*z + 32 = 0. Let m(a) = a**2 + 7*a. Give m(h).
0
Let n(z) = z**2 + z. Let w(l) = -8*l**2 + l - 5. Let c(o) = -6*n(o) - w(o). Suppose 5*m = 2*m + 12. Determine c(m).
9
Let p(x) = -x**2 - 6*x - 2. Let q(k) = -k**2 + 8*k + 6. Let w be q(9). Determine p(w).
7
Let y(x) be the third derivative of -x**4/24 - 13*x**3/6 + x**2. What is y(-7)?
-6
Let a(s) = 5*s + 3. Let i(h) = -11*h - 6. Let q(z) = -13*a(z) - 6*i(z). Give q(4).
1
Let p(u) = u**2 - 4*u + 1. Let i = -64 - -67. Calculate p(i).
-2
Let z(f) = f**3 - 4*f**2 - 6*f + 2. Let b = -66 + 71. Give z(b).
-3
Let y = 4 + -6. Let t(p) = -p**3 + p**2 + p. Let g(m) = 3*m**3 - 4*m**2 - m + 2. Let i(o) = g(o) + 4*t(o). Give i(y).
4
Let g(x) = 5*x**3 - 10*x**2 - 4*x + 2. Let y(u) = -6*u**3 + 11*u**2 + 5*u - 2. Let w(b) = -5*g(b) - 4*y(b). Calculate w(6).
-2
Let c(h) = -h + 5. Suppose 5*z - 4*z = 5*w + 1, 2 = 3*w + 2*z. Calculate c(w).
5
Let l(y) = -5*y**2 - 1. Suppose -18 = z - 0. Let n = -19 - z. Give l(n).
-6
Let a(c) be the third derivative of c**4/12 + 2*c**3/3 - 13*c**2. What is a(3)?
10
Let o(s) = 2*s + 2*s - 7 + s**3 + 249*s**2 - 243*s**2. Let r(z) = 15*z**2 + 2*z + 1. Let h be r(-1). Let v = 9 - h. Determine o(v).
-2
Let r(m) = 6*m**2 - 3. Let z(h) = -2*h**2 + 1. Let l(g) = 4*r(g) + 11*z(g). Calculate l(-2).
7
Let r = 59 + -52. Let o(f) = -2*f + 6. What is o(r)?
-8
Let x(r) = 17*r**3 - 11*r**2 + 27*r**2 - r - 16*r**2. Determine x(-1).
-16
Let a be 8/(-2)*3/(-4). Suppose a*w + 9 = -0. Let l(b) = b + 1. Calculate l(w).
-2
Let j(h) = 3*h**3 - 7*h**2 + 9*h - 4. Let t(x) = -10*x**3 + 21*x**2 - 28*x + 13. Let q(d) = -7*j(d) - 2*t(d). Calculate q(6).
-4
Let t(m) = -3*m + 3*m + 2*m**2. Suppose 2 = -2*i - 2*q, -5*i - q + 2 = -1. Determine t(i).
2
Suppose -i - i + 16 = 0. Let l(j) = i + j - 2*j - 1 - j**2 - 3*j. Give l(-6).
-5
Let m(x) = x**3 - 3*x**2 - 3*x - 2. Let a be -2*(-62)/(-4) + -1. Let r = 17 + a. Let b be 2/5 + (-54)/r. What is m(b)?
2
Let v(b) be the second derivative of b**4/12 - 5*b**3/3 + 3*b**2 + 2*b. Let i be v(9). Let a(k) = k - 3*k + 11 - 13. Give a(i).
4
Let p(z) be the third derivative of 7/6*z**3 + 1/12*z**4 + 0*z - 2*z**2 + 0. Let u be (15/12)/(2/(-8)). Calculate p(u).
-3
Let z(h) be the third derivative of -h**7/360 + h**6/720 + h**4/12 - 2*h**2. Let d(n) be the second derivative of z(n). Give d(1).
-6
Let o(k) = -5*k**3 - 8*k**2 - 9*k + 9. Let g(u) = -u**3 - u. Let i(f) = -4*g(f) + o(f). Suppose -5 = -3*w - 26. Calculate i(w).
-5
Let v(y) = -y - 1. Let c(z) = -4*z. Suppose -5*m + 9*m - 4 = 0. Let u(s) = m*c(s) - 3*v(s). What is u(3)?
0
Let u(k) be the third derivative of 0*k + 2*k**2 + 1/24*k**4 + 0 + 1/3*k**3. Let i be (1/(-2) + -2)*2. What is u(i)?
-3
Let u(h) be the second derivative of h**3/6 + 19*h**2/2 - 30*h. Determine u(-9).
10
Let m(b) = b**2 - 7*b + 1. Let v(x) = x**2 - x + 1. Let o be v(0). Let c = o + 5. Calculate m(c).
-5
Let h = -6 + 11. Let f(x) = x - h + 5. Let s = 1 + 2. Calculate f(s).
3
Suppose 0 = 4*t - 13 - 3. Suppose -2*k = -6*k + t*y + 36, k - 21 = 4*y. Let v(n) = n**3 - 4*n**2 - 4*n. Give v(k).
5
Let n = -5 - -8. Let f(i) = 3*i + 9. Let g(j) = -4*j - 14. Let o(y) = -7*f(y) - 5*g(y). What is o(n)?
4
Let q(w) = -3 + 2*w**2 + 2*w**2 - w - 3*w**2. Let a be -8 + 0/((-2)/(-2)). Let o(u) = -3*u**2 + 3*u + 8. Let t(s) = a*q(s) - 3*o(s). Determine t(-3).
12
Let h(m) = 36*m + 38*m - 68*m - 2 - 2. Calculate h(3).
14
Let z(t) = 5*t + 2*t**2 + 1 + 0*t**2 - t**2. Let w = -34 - -29. What is z(w)?
1
Let f(x) = 2*x + 2. Let q(p) = p + 1. Let l(v) = -3*f(v) + 4*q(v). Determine l(-6).
10
Let c(t) = -14*t. Let a(j) = j. Let i(x) = -x + 2. Let z be i(-8). Let m(y) = z*a(y) + c(y). What is m(1)?
-4
Let y = -7 + 10. Suppose -2*m = -2*r + 4, -5*m = -y*m. Suppose -r*x = 5*s + 21, -4*x - 21 = 3*s - 0. Let o(t) = -t**2 - t + 4. Determine o(x).
-2
Let f(p) = 7*p - 3 + 8 + 13*p**2 - 11*p**2. Give f(-4).
9
Let q(v) = -3 + v**3 + v - 5*v + 4*v + 5*v**2 + 2*v. What is q(-4)?
5
Suppose -q + 0*q - 4*v - 19 = 0, 2*q - 2*v = -8. Let p(b) = -b**3 - 6*b**2 + 9*b + 8. What is p(q)?
-6
Let f = 38 - 38. Let q(o) = o**2 + o - 6. Determine q(f).
-6
Let s = -7 + 10. Let q(t) = 4*t - 3. Let p(y) = -y. Let i(k) = 5*p(k) + q(k). Calculate i(s).
-6
Let l = -29 + -6. Let n be (-80)/l + 4/(-14). Let m(g) = 3*g**n + 2 - 2*g + 4*g**2 - 6*g**2. Determine m(4).
10
Let t = -42 + 38. Let o(s) = -2*s**2 - 4*s - 2. Calculate o(t).
-18
Let r(s) = 5*s**2 - 2*s + 3. Let m(p) = 9*p**2 - 5*p + 5. Let l(t) = 4*m(t) - 7*r(t). What is l(7)?
6
Let s(p) = 2*p**2 - 12*p - 11. Let a be s(7). Let w(z) be the second derivative of 0 + 2*z + z**2 + 1/6*z**a. Calculate w(-1).
1
Let k(x) = 11*x. Let l(y) = 23*y - 1. Let t(r) = -7*k(r) + 3*l(r). Give t(-3).
21
Let o(u) = 3*u + 0*u + 8*u**2 - 4 - u**3 + 3*u - 5*u. What is o(8)?
4
Let l(j) = j**3 + 6*j**2 + 6*j + 2. Let p be ((-14)/(-3))/((-12)/18). Let b be 5/(10/4) + p. Give l(b).
-3
Let i(p) = -5*p**3 - p**2 + 1. Suppose 0 = 2*v - 3*y - 14, y - 6*y - 25 = -5*v. What is i(v)?
-5
Let z(x) = -5*x. Let v(c) = c + 20. Let t be v(-21). Give z(t).
5
Let k(f) = f. Suppose -4*n = 5*m - 30, -5*n = -0*n. Give k(m).
6
Let b(f) = -1191 + 2*f + 1199 + f - 5*f. Determine b(6).
-4
Let k(c) = c**3 - c**2 - 2*c. Suppose 2*w + 0 = 4. Suppose 2 = -w*g + 6. Give k(g).
0
Let o(q) = -q + 2. Let p = 5 + -4. Suppose d - 2*d - p = 0. Let m be -2 - -6 - (1 - d). What is o(m)?
0
Let z(f) be the third derivative of -1/6*f**4 + 0*f - 1/6*f**3 + 0 - f**2. Give z(-1).
3
Let r(l) = 17*l**2 - 1. Let k be (16/64)/(-1 - (-5)/4). Give r(k).
16
Let k(w) = -8*w**3. Suppose -4*h + 3 = 7. What is k(h)?
8
Let s(l) = -l**3 - 3*l**2 + 6*l + 1 + 4 + 0*l. Suppose -2*u - 31 = -11. Let x be -1 - (-5)/(u/6). Determine s(x).
-3
Let y(r) = -r**2 + r 